{"id":50,"date":"2015-02-26T12:37:40","date_gmt":"2015-02-26T12:37:40","guid":{"rendered":"http:\/\/firstone.europadns.net\/?page_id=50"},"modified":"2025-09-02T13:22:49","modified_gmt":"2025-09-02T13:22:49","slug":"home","status":"publish","type":"page","link":"https:\/\/summerofcode.ubt-uni.net\/","title":{"rendered":"Home"},"content":{"rendered":"<div class=\"fullwidth-section\">\n<div id=\"home_section\" class=\"nfw-row\">\n<div class=\"nfw-span12\">\n<div class=\"wpb_wrapper\">\n<div class=\"fullwidth-section\"><img decoding=\"async\" style=\"width: 100%;\" src=\"https:\/\/summerofcode.ubt-uni.net\/wp-content\/uploads\/2016\/07\/verzioni-1.png\" \/><\/div>\n<\/div>\n<\/div>\n<\/div>\n<\/div>\n<div class=\"fullwidth-section\"><div id=home_section class=\"nfw-row\">\n\t<div class=\"nfw-span12\">\n\t\t<div class=\"wpb_wrapper\">\n\t\t\t\n\t\t<\/div> \n\t<\/div> \n<\/div><\/div><div id=services_section class=\"nfw-row vc_custom_1425032807263\">\n\t<div class=\"nfw-span12\">\n\t\t<div class=\"wpb_wrapper\">\n\t\t\t<div class='headline'>\r\n                        <h1>UBT Summer of Code<\/h1>\r\n                        \r\n                    <\/div>\n\t\t<\/div> \n\t<\/div> \n<\/div><div class=\"nfw-row\">\n\t<div class=\"nfw-span6\">\n\t\t<div class=\"wpb_wrapper\">\n\t\t\t<div class='icon-box-1'>\r\n            \r\n                        <i class='ifc-laptop'><\/i>\r\n\r\n                            <div class='icon-box-content'>\r\n\r\n                                <h3>\r\n                                    <strong>Web Development<\/strong>\r\n                                <\/h3>\r\n\r\n                                \r\n                                    \r\n                                \r\n\r\n                            <\/div><!-- end .icon-box-content -->\r\n\r\n                        <\/div>\n\t\t<\/div> \n\t<\/div> \n\n\t<div class=\"nfw-span6\">\n\t\t<div class=\"wpb_wrapper\">\n\t\t\t<div class='icon-box-1'>\r\n            \r\n                        <i class='ifc-iphone'><\/i>\r\n\r\n                            <div class='icon-box-content'>\r\n\r\n                                <h3>\r\n                                    <strong>Programim<\/strong>\r\n                                <\/h3>\r\n\r\n                                \r\n                                    \r\n                                \r\n\r\n                            <\/div><!-- end .icon-box-content -->\r\n\r\n                        <\/div>\n\t\t<\/div> \n\t<\/div> \n<\/div><div class=\"nfw-row\">\n\t<div class=\"nfw-span6\">\n\t\t<div class=\"wpb_wrapper\">\n\t\t\t<div class='icon-box-1'>\r\n            \r\n                        <i class='ifc-wifi'><\/i>\r\n\r\n                            <div class='icon-box-content'>\r\n\r\n                                <h3>\r\n                                    <strong>Rrjeta Kompjuterike<\/strong>\r\n                                <\/h3>\r\n\r\n                                \r\n                                    \r\n                                \r\n\r\n                            <\/div><!-- end .icon-box-content -->\r\n\r\n                        <\/div>\n\t\t<\/div> \n\t<\/div> \n\n\t<div class=\"nfw-span6\">\n\t\t<div class=\"wpb_wrapper\">\n\t\t\t<div class='icon-box-1'>\r\n            \r\n                        <i class='ifc-literature'><\/i>\r\n\r\n                            <div class='icon-box-content'>\r\n\r\n                                <h3>\r\n                                    <strong>Matematik\u00eb \u2013 Kripto Sisteme<\/strong>\r\n                                <\/h3>\r\n\r\n                                \r\n                                    \r\n                                \r\n\r\n                            <\/div><!-- end .icon-box-content -->\r\n\r\n                        <\/div>\n\t\t<\/div> \n\t<\/div> \n<\/div><div class=\"nfw-row\">\n\t<div class=\"nfw-span6\">\n\t\t<div class=\"wpb_wrapper\">\n\t\t\t<div class='icon-box-1'>\r\n            \r\n                        <i class='ifc-database_protection'><\/i>\r\n\r\n                            <div class='icon-box-content'>\r\n\r\n                                <h3>\r\n                                    <strong>Database<\/strong>\r\n                                <\/h3>\r\n\r\n                                \r\n                                    \r\n                                \r\n\r\n                            <\/div><!-- end .icon-box-content -->\r\n\r\n                        <\/div>\n\t\t<\/div> \n\t<\/div> \n\n\t<div class=\"nfw-span6\">\n\t\t<div class=\"wpb_wrapper\">\n\t\t\t<div class='icon-box-1'>\r\n            \r\n                        <i class='ifc-opened_folder'><\/i>\r\n\r\n                            <div class='icon-box-content'>\r\n\r\n                                <h3>\r\n                                    <strong>Dokumentimi I Sistemeve Softwerike<\/strong>\r\n                                <\/h3>\r\n\r\n                                \r\n                                    \r\n                                \r\n\r\n                            <\/div><!-- end .icon-box-content -->\r\n\r\n                        <\/div>\n\t\t<\/div> \n\t<\/div> \n<\/div><div id=about_us_section class=\"nfw-row vc_custom_1425288905080\">\n\t<div class=\"nfw-span12\">\n\t\t<div class=\"wpb_wrapper\">\n\t\t\t<div class='headline'>\r\n                        <h1>Organizimi i UBT Summer of Code<\/h1>\r\n                        <h5>UBT Summer of Code organizohet nga Kolegji UBT p\u00ebr t\u00eb gjith\u00eb maturant\u00ebt e Kosov\u00ebs. Trajnimet, Ligjeratat dhe Aktivitetet n\u00eb kuad\u00ebr t\u00eb UBT Summer of Code jan\u00eb FALAS.<br class='hidden-tablet hidden-phone'>\nUBT Summer of Code organizohet k\u00ebt\u00eb vit nga Qendra e UBT-s\u00eb n\u00eb Prishtin\u00eb <\/h5>\r\n                    <\/div>\n\t\t<\/div> \n\t<\/div> \n<\/div><div class=\"nfw-row\">\n\t<div class=\"nfw-span6\">\n\t\t<div class=\"wpb_wrapper\">\n\t\t\t\n\t<div class=\"wpb_text_column wpb_content_element \">\n\t\t<div class=\"wpb_wrapper\">\n\t\t\t<h2 class=\"text-uppercase\"><strong>Si zhvillohen aktivitetet e UBT Summer of Code?<\/strong><\/h2>\n<h5 class=\"text-uppercase\">Pjes\u00ebmarr\u00ebsit e UBT Summer of Code do t\u00eb ndjekin ligjerata FALAS n\u00eb fushat e lart\u00ebcekura si dhe n\u00eb t\u00eb njejt\u00ebn koh\u00eb do t\u00eb jen\u00eb pjes\u00eb e projekteve t\u00eb p\u00ebrbashk\u00ebta q\u00eb do t\u00eb zhvillohen gjat\u00eb k\u00ebsaj kohe.<br \/>\nGjat\u00eb k\u00ebsaj koh\u00eb, grupet e projekteve do t\u00eb mbikqyren nga mentor\u00ebt e UBT-s\u00eb t\u00eb cil\u00ebt do t\u00eb udhezojn\u00eb si dhe do t\u00eb ju asistojn\u00eb n\u00eb pun\u00ebn e juaj.<\/h5>\n\n\t\t<\/div> \n\t<\/div> \n\t\t<\/div> \n\t<\/div> \n\n\t<div class=\"nfw-span6\">\n\t\t<div class=\"wpb_wrapper\">\n\t\t\t\n\t<div class=\"wpb_text_column wpb_content_element \">\n\t\t<div class=\"wpb_wrapper\">\n\t\t\t<h3 class=\"text-uppercase\"><strong>Cfar\u00eb \u00ebsht\u00eb UBT Summer of Code?<\/strong><\/h3>\n<p>UBT Summer of Code \u00ebsht\u00eb program nj\u00eb javor i cili organizohet nga Kolegji UBT dhe i cili mbahet ne gjate muajit Shtator (2025).<br \/>\nUBT Summer of Code organizohet k\u00ebt\u00eb vit Online nga Qendra e UBT-s\u00eb n\u00eb Prishtin\u00eb)<\/p>\n\n\t\t<\/div> \n\t<\/div> \n\t\t<\/div> \n\t<\/div> \n<\/div><div id=blog_section class=\"nfw-row vc_custom_1425032689915\">\n\t<div class=\"nfw-span12\">\n\t\t<div class=\"wpb_wrapper\">\n\t\t\t<\/p>\n<div class='headline'>\r\n                        <h1>Afatet p\u00ebr aplikim<\/h1>\r\n                        <h5>Afati p\u00ebr aplikim \u00ebsht\u00eb deri m\u00eb: 30 Gusht 2025<\/h5>\r\n                    <\/div><br \/>\n<div class='headline'>\r\n                        <h1>Njoftimi<\/h1>\r\n                        <h5>Njoftimi p\u00ebr pranim: 03 Shtator 2025<\/h5>\r\n                    <\/div><br \/>\n<div class='headline'>\r\n                        <h1>Fillimi i aktiviteteve:<\/h1>\r\n                        <h5>08 Shtator 2025<\/h5>\r\n                    <\/div><br \/>\n\n\t\t<\/div> \n\t<\/div> \n<\/div><div class=\"nfw-row\">\n\t<div class=\"nfw-span12\">\n\t\t<div class=\"wpb_wrapper\">\n\t\t\t<div class='headline'>\r\n                        <h1>Si t\u00eb aplikojm\u00eb<\/h1>\r\n                        <h5>T\u00eb gjith\u00eb t\u00eb interesuarit mund t\u00eb aplikojn\u00eb p\u00ebrmes form\u00ebs online:<\/h5>\r\n                    <\/div>\n<!-- Buttons X - Start -->\n<style type=\"text\/css\" scoped>\/*304-start*\/\n#btnsx-304{margin-top:0px;margin-bottom:0px;margin-left:0px;margin-right:0px;padding-top:12px;padding-bottom:13px;padding-left:18px;padding-right:18px;}\n#btnsx-304 .btnsx-text-primary{font-size:34px;line-height:34px;font-style:normal;color:#ffffff;padding-top:12px;padding-bottom:13px;padding-left:18px;padding-right:18px;}\n#btnsx-304:hover .btnsx-text-primary{color:#ffffff;}\n#btnsx-304{background-color:#e28534!important;}\n#btnsx-304:hover{background-color:#e28534!important;}\n#btnsx-304{border-top-width:0px;border-bottom-width:0px;border-left-width:0px;border-right-width:0px;border-style:none;border-top-left-radius:0px;border-top-right-radius:0px;border-bottom-left-radius:0px;border-bottom-right-radius:0px;}\n#btnsx-304:hover{border-top-width:0px;border-bottom-width:0px;border-left-width:0px;border-right-width:0px;border-style:none;border-top-left-radius:0px;border-top-right-radius:0px;border-bottom-left-radius:0px;border-bottom-right-radius:0px;}\n#btnsx-304{-webkit-box-shadow:none;box-shadow:none;}\n#btnsx-304:hover{-webkit-box-shadow:none;box-shadow:none;}\n\/*304-end*\/\n<\/style><div id=\"btnsx-304-wrap\" class=\"btnsx-wrap-center\" align=\"center\"><div id=\"btnsx-304-container\" class=\"btnsx-btn-container\">\n<a href=\"https:\/\/forms.office.com\/e\/pxdLiKX2eH\" id=\"btnsx-304\" target=\"_blank\" class=\"btnsx-btn btnsx-btn-embossed\" >\n\t<span class=\"btnsx-text-primary \">Apliko<\/span><\/a>\n<\/div><\/div>\n<!-- Buttons X - End -->\n\n\t\t<\/div> \n\t<\/div> \n<\/div><div id=contact_section class=\"nfw-row vc_custom_1425288834781\">\n\t<div class=\"nfw-span12\">\n\t\t<div class=\"wpb_wrapper\">\n\t\t\t<div class='headline'>\r\n                        <h1>Kontakti<\/h1>\r\n                        \r\n                    <\/div>\n\t\t<\/div> \n\t<\/div> \n<\/div><div class=\"nfw-row vc_custom_1426233315984\">\n\t<div class=\"nfw-span12\">\n\t\t<div class=\"wpb_wrapper\">\n\t\t\t<div class=\"wpb_gmaps_widget wpb_content_element\">\n\t\t<div class=\"wpb_wrapper\">\n\t\t<div class=\"wpb_map_wraper\">\n\t\t\t<iframe loading=\"lazy\" src=\"https:\/\/www.google.com\/maps\/embed?pb=!1m18!1m12!1m3!1d2934.658633572907!2d21.150674514834478!3d42.64739632490079!2m3!1f0!2f0!3f0!3m2!1i1024!2i768!4f13.1!3m3!1m2!1s0x13549e8d5d607f25%3A0xa31dd05b21bd09de!2sUniversity+for+Business+and+Technology!5e0!3m2!1sen!2s!4v1467886426155\" width=\"600\" height=\"400\" frameborder=\"0\" style=\"border:0\" allowfullscreen><\/iframe>\t\t<\/div>\n\t<\/div><\/div>\n\t\t<\/div> \n\t<\/div> \n<\/div><div class=\"nfw-row vc_custom_1426166788401\">\n\t<div class=\"nfw-span4\">\n\t\t<div class=\"wpb_wrapper\">\n\t\t\t\n\t<div class=\"wpb_text_column wpb_content_element \">\n\t\t<div class=\"wpb_wrapper\">\n\t\t\t<h3><strong>Kontakti :<\/strong><\/h3>\n<p style=\"text-align: left;\">UBT<br \/>\nLagjja KALABRIA p.n., Prishtin\u00eb, Kosov\u00eb<\/p>\n<p><strong>Web<\/strong>: \u00a0 \u00a0\u00a0 <a href=\"http:\/\/www.ubt-uni.net\/\">http:\/\/www.ubt-uni.net\u00a0<\/a><br \/>\n<strong>E-mail:<\/strong>\u00a0 \u00a0 summerofcode@ubt-uni.net<br \/>\n<strong>E-mail:<\/strong>\u00a0 \u00a0 info@ubt-uni.net<br \/>\n<strong>Phone:\u00a0<\/strong>+383 38 541 400<br \/>\n+383 38 542 139<br \/>\n+383 44 541 400<\/p>\n<p><strong>Fax:<\/strong>\u00a0 \u00a0 \u00a0 +383 38 542 138<\/p>\n\n\t\t<\/div> \n\t<\/div> \n\t<div class=\"wpb_widgetised_column wpb_content_element\">\n\t\t<div class=\"wpb_wrapper\">\n\t\t\t\n\t\t<\/div> \n\t<\/div> \n\t\t<\/div> \n\t<\/div> \n\n\t<div class=\"nfw-span4\">\n\t\t<div class=\"wpb_wrapper\">\n\t\t\t\n\t\t<\/div> \n\t<\/div> \n\n\t<div class=\"nfw-span4\">\n\t\t<div class=\"wpb_wrapper\">\n\t\t\t\n\t<div class=\"wpb_text_column wpb_content_element \">\n\t\t<div class=\"wpb_wrapper\">\n\t\t\t<h3><strong>Rrjetet Sociale<\/strong><\/h3>\n<p>&nbsp;<\/p>\n\n\t\t<\/div> \n\t<\/div> <a href='https:\/\/www.facebook.com\/UniversitetiUBT\/?fref=ts' class='facebook-icon social-icon'>\r\n                                <i class='fa fa-facebook'><\/i>\r\n                        <\/a>\n\t\t<\/div> \n\t<\/div> \n<\/div>\n","protected":false},"excerpt":{"rendered":"UBT Summer of Code Web Development Programim Rrjeta Kompjuterike Matematik\u00eb \u2013 Kripto Sisteme Database Dokumentimi I Sistemeve Softwerike Organizimi i UBT Summer of Code UBT Summer of Code organizohet nga Kolegji UBT p\u00ebr t\u00eb gjith\u00eb maturant\u00ebt e Kosov\u00ebs. Trajnimet, Ligjeratat dhe Aktivitetet n\u00eb kuad\u00ebr t\u00eb UBT Summer of Code jan\u00eb FALAS. UBT Summer of Code [...]","protected":false},"author":1,"featured_media":0,"parent":0,"menu_order":0,"comment_status":"open","ping_status":"open","template":"","meta":{"footnotes":""},"class_list":["post-50","page","type-page","status-publish","hentry"],"_links":{"self":[{"href":"https:\/\/summerofcode.ubt-uni.net\/index.php?rest_route=\/wp\/v2\/pages\/50","targetHints":{"allow":["GET"]}}],"collection":[{"href":"https:\/\/summerofcode.ubt-uni.net\/index.php?rest_route=\/wp\/v2\/pages"}],"about":[{"href":"https:\/\/summerofcode.ubt-uni.net\/index.php?rest_route=\/wp\/v2\/types\/page"}],"author":[{"embeddable":true,"href":"https:\/\/summerofcode.ubt-uni.net\/index.php?rest_route=\/wp\/v2\/users\/1"}],"replies":[{"embeddable":true,"href":"https:\/\/summerofcode.ubt-uni.net\/index.php?rest_route=%2Fwp%2Fv2%2Fcomments&post=50"}],"version-history":[{"count":157,"href":"https:\/\/summerofcode.ubt-uni.net\/index.php?rest_route=\/wp\/v2\/pages\/50\/revisions"}],"predecessor-version":[{"id":378,"href":"https:\/\/summerofcode.ubt-uni.net\/index.php?rest_route=\/wp\/v2\/pages\/50\/revisions\/378"}],"wp:attachment":[{"href":"https:\/\/summerofcode.ubt-uni.net\/index.php?rest_route=%2Fwp%2Fv2%2Fmedia&parent=50"}],"curies":[{"name":"wp","href":"https:\/\/api.w.org\/{rel}","templated":true}]}}